he greatest common divisor of 15 and r.
5
Suppose -3*w + 0*w = -5*b - 611, 4*b - 602 = -3*w. Let t = w + -104. What is the greatest common factor of t and 14?
14
Let g be (-8127)/(-14) + 2/(-4). Let r = 820 - g. Calculate the highest common divisor of r and 30.
30
Suppose 4*h - h - 27 = -3*z, 5*h = 2*z - 18. Let f be -32 - (-1 - -2)/1. Let t = 12 - f. Calculate the highest common divisor of z and t.
9
Suppose 4*q = -4*z - 4, -3*q + 0*q - 6 = 2*z. Suppose -216 = -2*t + 8. Suppose 4*o - z*o = t. Calculate the greatest common factor of o and 14.
14
Suppose 7*b + 2*b = 225. What is the highest common divisor of b and 5?
5
Let c(m) = m**2 - 6*m - 5. Let l be c(7). Calculate the highest common divisor of 2 and l.
2
Let c be (1/(-2))/((-2)/48). What is the greatest common divisor of c and 24?
12
Suppose 4*y = -5*c + 3*y + 205, 3*c + 3*y = 135. Calculate the greatest common factor of 100 and c.
20
Let x(c) be the first derivative of c**3/3 - 5*c**2/2 - 4*c - 6. Suppose 2*z = 8 + 8. Let p be x(z). What is the greatest common factor of p and 50?
10
Suppose q - 70 - 137 = 0. What is the greatest common factor of 23 and q?
23
Suppose y = -3*y - 12, c - y = 243. What is the greatest common factor of c and 96?
48
Let l = -5 + 3. Let o be (l + 0/1)/1. Let q(i) = -i**3 - i**2 - i - 2. Let w be q(o). What is the greatest common factor of w and 10?
2
Suppose -10 = 4*s + 10, -3*s = 2*m - 265. Calculate the greatest common factor of m and 20.
20
Let p be (-5 + 7)/(1/6). What is the highest common divisor of p and 12?
12
Suppose 2*y = 4*y - h - 50, 3*h - 25 = -y. What is the greatest common factor of y and 25?
25
Let w = -12 + 28. What is the greatest common divisor of 4 and w?
4
Let v = -43 + 46. Calculate the greatest common divisor of v and 6.
3
Suppose -o = -346 + 34. Let k be 0*(-2)/(10/(-5)). Suppose 3*a - 3*j - o = k, 3*j = -0*j - 15. Calculate the highest common factor of 9 and a.
9
Suppose 5*t = 8 + 2. Let z = 34 - t. What is the greatest common factor of z and 224?
32
Suppose -o + 1395 = 3*l + 4*o, 2*l = -5*o + 935. Let s be l/45 + 4/(-18). Calculate the greatest common factor of s and 5.
5
Let f(y) = 3*y + 4. Let g be f(5). Let u = g - 17. Calculate the highest common factor of u and 14.
2
Let h(l) = -l**2 + 14*l - 18. Let j be h(12). Calculate the greatest common divisor of j and 66.
6
Suppose 4*w + 5179 = 5*p + 26148, -3*p - 4*w = 12575. Let a be p/(-35) - (-2)/10. Let x = -51 - -99. What is the greatest common factor of a and x?
24
Let m be (12/(-5))/((-12)/40). Calculate the highest common factor of 2 and m.
2
Let i be 14/((-14)/16 - -1). Suppose -5*l = 14 - 94. What is the highest common divisor of l and i?
16
Let a(i) = 9*i**3 + i**2 - 2*i + 3. Let x be a(2). Let y be (0 + -5)*-6 + 0. Calculate the greatest common divisor of y and x.
15
Let o be 4/14 - (-51)/(-7). Let g = o + 8. Calculate the greatest common divisor of g and 5.
1
Suppose -83 - 71 = -7*c. What is the greatest common divisor of c and 22?
22
Let h(m) = m**2 + 4*m + 5. Let l be h(-4). Suppose -k + 9 - 20 = -l*w, -2*w + 8 = 0. What is the greatest common divisor of 63 and k?
9
Let v(o) = o + 21. Let i be v(0). Suppose 5*y - i = -q + 43, 5*y = 4*q + 44. Calculate the greatest common divisor of y and 108.
12
Let d(j) = 2*j**2 - 2*j - 1. Let h be d(-2). Calculate the highest common divisor of h and 11.
11
Let d = -30 - -54. Suppose 2*x = -0*x - 28. Let j = x + 30. Calculate the greatest common factor of d and j.
8
Let d be 6*(-3)/6 - 46. Let p = 70 - d. Suppose 0 = 5*s - 376 - p. Calculate the highest common factor of s and 11.
11
Let r be (-8)/(-40) - (-1)/(-5). Suppose 0 = -4*s - r*s + 1364. Calculate the highest common divisor of s and 31.
31
Suppose -3*d - w - 12 = -d, 4*d = -4*w - 24. Let c(h) = -h**3 - h**2 + 9*h + 9. Let o be c(d). What is the highest common divisor of 15 and o?
15
Let h = -18 - -42. Calculate the highest common divisor of h and 240.
24
Let a = -18 + 46. Calculate the greatest common divisor of a and 70.
14
Let w(a) = -8*a**3 + 2*a**2 + a. Let l be w(-1). Let o(y) = y**3 - 2*y**2 - 2*y - 15. Let x be o(4). What is the greatest common divisor of x and l?
9
Let v = -3 + 5. Suppose -w - 135 = -v*w. What is the greatest common factor of w and 15?
15
Let s = -151 - -214. Let x = 8 + -1. What is the greatest common factor of s and x?
7
Let b(y) = -11*y + 1. Let d be b(-1). What is the highest common divisor of 36 and d?
12
Let f = 5 - 5. Let k be (f - -1) + 2*2. Let l be (-1)/5 - (-81)/k. Calculate the highest common factor of 40 and l.
8
Suppose 3*z + 6*v = v - 89, -5*z = -2*v + 107. Let w be -1 + -3 + (-2 - z). What is the highest common divisor of w and 153?
17
Let p(n) = n**2 + n - 3. Let r be p(-4). What is the highest common divisor of 36 and r?
9
Let y be (-1 - (-1 - 2))*14. What is the greatest common factor of y and 70?
14
Let k(o) = -o**2 + 13*o - 21. Let z be k(10). What is the greatest common divisor of 171 and z?
9
Let l(p) = -p**2 - 3*p + 1. Let z(w) = 6*w**2 + 16*w - 5. Let q(s) = 22*l(s) + 4*z(s). Let d be q(5). Calculate the greatest common factor of d and 28.
14
Let w be ((-12)/2)/((-38)/8 - -4). What is the greatest common factor of 56 and w?
8
Suppose l - 3*r = 5, 2*l + 4 = -3*r + 59. Let q = 320 + -100. What is the greatest common divisor of q and l?
20
Suppose -14*f - 36 = -18*f. Calculate the highest common divisor of 9 and f.
9
Suppose -5*c + 2*a - a = -10, -3*a = -4*c + 8. Suppose c*u + 3*u = 160. Let d(s) = s + 4. Let q be d(0). Calculate the highest common divisor of q and u.
4
Let q = 63 + -5. Calculate the highest common divisor of 116 and q.
58
Suppose -4*k - 53 = -3*n, 4*n = -3*k + 8 + 46. What is the greatest common factor of 5 and n?
5
Let q = 5 - 1. Suppose 4*t - 180 = -0*w - q*w, w - 5*t = 75. Let l be 7/(-21) + w/6. Calculate the greatest common factor of 2 and l.
2
Let y = 43 - 21. Calculate the greatest common factor of y and 33.
11
Let j be (4/(-6))/(7/(-1050)). Calculate the greatest common factor of 25 and j.
25
Let m(l) = l**3 + 14*l**2 + 11*l - 10. Let c be m(-10). Calculate the greatest common factor of c and 40.
40
Suppose -3*a - 4*b = -3 - 17, 4*a = b + 52. Calculate the greatest common divisor of a and 24.
12
Suppose 4*s - l = 11, 3*s - 5 = -2*l + 17. What is the highest common factor of 44 and s?
4
Suppose 4*i = -3*u + 88, -5*i = -2*u - 64 - 23. Calculate the greatest common factor of i and 171.
19
Let l = -7 - -15. Let g be 16/1*6/l. Let a = -120 + 216. Calculate the greatest common divisor of g and a.
12
Let j(x) = x**2 - 18*x - 45. Let h be j(21). What is the greatest common divisor of h and 18?
18
Let l be 85*(2 - 3)/(-1). Let d = l - 57. What is the greatest common divisor of d and 308?
28
Let w = -73 + 165. What is the highest common divisor of 23 and w?
23
Let k(t) = t**3 + 7*t**2 + 7*t + 9. Let b = 5 - 11. Let p be k(b). What is the greatest common factor of p and 6?
3
Let n(f) = 5 + 3*f**2 - 4*f - 6*f - 1. Let d be n(7). Let h(w) = w**2 - 4*w - 3. Let s be h(-2). What is the greatest common factor of s and d?
9
Suppose 0*g = -4*g - 5*w + 1242, -3*w = 5*g - 1546. Let y be 25 + (2/21 - 549/(-189)). What is the greatest common divisor of y and g?
28
Let k(r) be the third derivative of -r**4/24 - 2*r**3/3 + 4*r**2. Let t be k(-6). Calculate the highest common divisor of 1 and t.
1
Suppose 0 = -w - 5*t + 24, 3*w - 27 = -2*t - 7. Suppose m + w - 76 = 0. What is the highest common factor of m and 9?
9
Suppose -p + 18 = c, 1 = -p + 2*c + 7. Calculate the highest common divisor of 280 and p.
14
Suppose -5 = -2*y + k, 4*y + 0*k - 5*k - 25 = 0. Let i be 4/(y - -1) + 3. Calculate the highest common divisor of i and 21.
7
Let u be 1*(-4)/3*-3. Suppose -m - 4*z = 6 + 1, -u*m + z + 23 = 0. What is the highest common factor of m and 5?
5
Let f = 60 + -26. Let n = f - 21. What is the highest common factor of n and 65?
13
Let m(i) = i + 2. Let k be m(2). Suppose -4*d + 8 = -k. Let r(c) = 2*c + 4. Let h be r(d). What is the greatest common divisor of h and 2?
2
Let y be (-1 - 3) + (-63)/(-7). Calculate the greatest common divisor of y and 55.
5
Let z(r) = -6*r**2 - 30*r + 3. Let a be z(-5). What is the greatest common divisor of 8 and a?
1
Let x be 3/2*(-8)/(-6). Suppose d - 2*w = 19, -5*w - 24 = -x*d + 18. Let q(u) = 22*u. Let 